{"id":14,"date":"2023-08-25T19:31:48","date_gmt":"2023-08-25T17:31:48","guid":{"rendered":"http:\/\/avvocatoibiza.com\/index.php\/about\/"},"modified":"2023-08-28T10:16:38","modified_gmt":"2023-08-28T08:16:38","slug":"about","status":"publish","type":"page","link":"https:\/\/avvocatoibiza.com\/index.php\/about\/","title":{"rendered":"About"},"content":{"rendered":"\n<section class=\"hts-section hts-page hts-about\">\n    <div class=\"hts-about-header\">\n        <div class=\"hts-about-header-content\">\n            <div class=\"hts-about-body\">\n                <div>\n                    <h1>Chi Siamo<\/h1>\n                    <p>Avvocato Italiano ad Ibiza<\/p>\n                <\/div>\n            <\/div>\n            <div class=\"hts-about-image\">\n                <div class=\"hts-image-wrapper\">\n                    <img decoding=\"async\" src=\"https:\/\/avvocatoibiza.com\/wp-content\/uploads\/2023\/08\/vecteezy_judge-gavel-on-a-wooden-desk-law-concept_4340263-1110x740.jpg\" srcset=\"https:\/\/avvocatoibiza.com\/wp-content\/uploads\/2023\/08\/vecteezy_judge-gavel-on-a-wooden-desk-law-concept_4340263-1110x740.jpg 1x, https:\/\/avvocatoibiza.com\/wp-content\/uploads\/2023\/08\/vecteezy_judge-gavel-on-a-wooden-desk-law-concept_4340263-2220x1480.jpg 2x\" alt=\"Judge Gavel on a wooden desk. Law concept\">                                    <\/div>\n            <\/div>\n        <\/div>\n    <\/div>\n    <hr class=\"full\">\n    <div class=\"hts-details\">\n                <div class=\"hts-about-story\">\n            <h2 class=\"hts-title\">MY STORY<\/h2>\n            <div class=\"hts-description\">\n                <p>L&#8217;avv. Daniele Mundula svolge la sua attivit\u00e0 professionale ad Ibiza.<\/p><p>Ha ottenuto la laurea presso la Facolt\u00e0 di Giurisprudenza di Cagliari.<\/p><p>Ha ottenuto la specializzazione -Corso Biennale Post Universitario- all&#8217;Universit\u00e0 di Cagliari presso la Scuola di Specializzazione per le Professioni Legali, titolo necessario per l&#8217;accesso ai concorsi in Magistratura.<\/p><p>Dopo aver svolto le funzioni di Pubblico Ministero (su delega del Procuratore Capo di Cagliari e di Sassari) si \u00e8 trasferito in Spagna dove, presso l&#8217;Universit\u00e0 di San Antonio in Murcia, ha conseguito il titolo necessario per l&#8217;espletamento dell&#8217;attivit\u00e0 professionale nella nazione Iberica.<\/p><p>E&#8217; inscritto all&#8217;ICAIB (Illustre Colegio Abogados Islas Baleares) ed al Consiglio dell&#8217;Ordine degli Avvocati di Cagliari, potendo esercitare dunque tanto in Italia che in Spagna.<\/p><p>Materie di competenza: Diritto Penale &#8211; Diritto Commerciale &#8211; Competenze specifiche in materia di contratti ed infortunistica stradale.<\/p><p>E\u2019 prfessionista di riferimento per il Vice Consolato Italiano ad Ibiza e Formentera.<\/p>            <\/div>\n        <\/div>\n        \n        <div class=\"hts-gallery\">\n            <div class=\"hts-image-wrapper hts-bottom\">\n                <img decoding=\"async\" src=\"https:\/\/images.unsplash.com\/photo-1489410342162-b4b300a0bb15?crop=entropy\" title=\"Photo by Bram Naus\" alt=\"man walking while holding black coat\"><span class=\"hts-unsplash-data\">Photo by <a href=\"https:\/\/unsplash.com\/@bramnaus?utm_source=hostinger&#038;utm_medium=referral\" rel=\"nofollow\">Bram Naus<\/a> on <a href=\"https:\/\/unsplash.com\/?utm_source=hostinger&#038;utm_medium=referral\" rel=\"nofollow\">Unsplash<\/a><\/span>            <\/div>\n            <div class=\"hts-image-wrapper hts-bottom\">\n                <img decoding=\"async\" src=\"https:\/\/avvocatoibiza.com\/wp-content\/uploads\/2023\/08\/vecteezy_a-close-up-view-of-a-handshake_1310611-1110x740.jpg\" srcset=\"https:\/\/avvocatoibiza.com\/wp-content\/uploads\/2023\/08\/vecteezy_a-close-up-view-of-a-handshake_1310611-540x360.jpg 1x, https:\/\/avvocatoibiza.com\/wp-content\/uploads\/2023\/08\/vecteezy_a-close-up-view-of-a-handshake_1310611-1080x720.jpg 2x\" alt=\"Handshake after good cooperation, Businesswoman Shaking hands wi\">            <\/div>\n        <\/div>\n    <\/div>\n<\/section>\n\n<section class=\"hts-section hts-newsletter\">\n\t<hr class=\"full\">\n\t<div class=\"wrapper\">\n\t<div>\n\t\t<h3 class=\"hts-title\">Newsletter<\/h3>\n\t\t<p>Subscribe to stay up-to-date with my latest creative projects, insights, and tips.<\/p>\n\t<\/div>\n\t<div class=\"hts-newsletter-block\">\n\t\t<form>\n\t\t\t<input type=\"hidden\" id=\"newsletter_nonce\" name=\"newsletter_nonce\" value=\"64e8195916\" \/><input type=\"hidden\" name=\"_wp_http_referer\" value=\"\/index.php\/wp-json\/wp\/v2\/pages\/14\" \/>\t\t\t<label for=\"hts-newsletter-email\">Email<\/label>\n\t\t\t<input type=\"email\"\n\t\t\t       id=\"hts-newsletter-email\"\n\t\t\t       name=\"newsletter_email\"\n\t\t\t       placeholder=\"What\u2019s your email?\">\n\t\t\t<div class=\"validate-message\"><\/div>\n\t\t\t<div class=\"hts-privacy-agree\">\n\t\t\t\t<label class=\"hts-form-control\">\n\t\t\t\t<input type=\"checkbox\" id=\"privacy-policy-checkbox\" name=\"privacy_policy\" required>\n\t\t\t\t<\/label>\n\t\t\t\t<span>\n\t\t\t\t\tI consent to use of my email address for the purpose of receiving newsletters as described in <a href=\"\" target=\"_blank\">Privacy Policy<\/a>, which I have read. I may withdraw my consent at any time.\t\t\t\t<\/span>\n\t\t\t<\/div>\n\t\t\t<input type=\"submit\" class=\"btn primary\" value=\"Subscribe\"\/>\n\t\t<\/form>\n\t<\/div>\n\t<\/div>\n<\/section>","protected":false},"excerpt":{"rendered":"","protected":false},"author":1,"featured_media":0,"parent":0,"menu_order":0,"comment_status":"closed","ping_status":"closed","template":"","meta":{"_monsterinsights_skip_tracking":false,"_monsterinsights_sitenote_active":false,"_monsterinsights_sitenote_note":"","_monsterinsights_sitenote_category":0,"footnotes":""},"class_list":["post-14","page","type-page","status-publish","hentry"],"aioseo_notices":[],"_links":{"self":[{"href":"https:\/\/avvocatoibiza.com\/index.php\/wp-json\/wp\/v2\/pages\/14","targetHints":{"allow":["GET"]}}],"collection":[{"href":"https:\/\/avvocatoibiza.com\/index.php\/wp-json\/wp\/v2\/pages"}],"about":[{"href":"https:\/\/avvocatoibiza.com\/index.php\/wp-json\/wp\/v2\/types\/page"}],"author":[{"embeddable":true,"href":"https:\/\/avvocatoibiza.com\/index.php\/wp-json\/wp\/v2\/users\/1"}],"replies":[{"embeddable":true,"href":"https:\/\/avvocatoibiza.com\/index.php\/wp-json\/wp\/v2\/comments?post=14"}],"version-history":[{"count":3,"href":"https:\/\/avvocatoibiza.com\/index.php\/wp-json\/wp\/v2\/pages\/14\/revisions"}],"predecessor-version":[{"id":67,"href":"https:\/\/avvocatoibiza.com\/index.php\/wp-json\/wp\/v2\/pages\/14\/revisions\/67"}],"wp:attachment":[{"href":"https:\/\/avvocatoibiza.com\/index.php\/wp-json\/wp\/v2\/media?parent=14"}],"curies":[{"name":"wp","href":"https:\/\/api.w.org\/{rel}","templated":true}]}}